{"id":2020,"date":"2021-04-08T11:02:06","date_gmt":"2021-04-08T10:02:06","guid":{"rendered":"http:\/\/labotica.fr\/site\/?page_id=2020"},"modified":"2021-04-08T11:02:06","modified_gmt":"2021-04-08T10:02:06","slug":"sonke","status":"publish","type":"page","link":"http:\/\/labotica.fr\/site\/sonke\/","title":{"rendered":"SONKE"},"content":{"rendered":"<p>[vc_row][vc_column][vc_column_text]<\/p>\n<p style=\"text-align: center;\"><strong>SONKE<\/strong>, \u00e0 <strong>La Botica<\/strong> du <strong>24 Septembre <\/strong>au <strong>24 Novembre 2019<\/strong><\/p>\n<p><strong>\u00a0<img decoding=\"async\" loading=\"lazy\" class=\"aligncenter wp-image-2037 size-medium\" src=\"http:\/\/labotica.fr\/site\/wp-content\/uploads\/2021\/04\/70641079_373800190233677_4607291158782017536_n-225x300.jpg\" alt=\"\" width=\"225\" height=\"300\" srcset=\"http:\/\/labotica.fr\/site\/wp-content\/uploads\/2021\/04\/70641079_373800190233677_4607291158782017536_n-225x300.jpg 225w, http:\/\/labotica.fr\/site\/wp-content\/uploads\/2021\/04\/70641079_373800190233677_4607291158782017536_n-768x1024.jpg 768w, http:\/\/labotica.fr\/site\/wp-content\/uploads\/2021\/04\/70641079_373800190233677_4607291158782017536_n-45x60.jpg 45w\" sizes=\"(max-width: 225px) 100vw, 225px\" \/><\/strong><\/p>\n<p style=\"text-align: center;\"><strong>Biographie<\/strong><\/p>\n<p style=\"text-align: center;\">Alexander Skoutariotis (Sonke) est un street artiste n\u00e9 \u00e0 Ath\u00e8nes, en Gr\u00e8ce, en 1984. Il a \u00e9tudi\u00e9 l\u2019art<br \/>\nappliqu\u00e9 et a enseign\u00e9 le dessin\/croquis au centre communautaire d\u2019Amarousio. Il est actif dans la<br \/>\ncr\u00e9ation d\u2019espaces publics depuis 1998. Il fut l\u2019invit\u00e9 d\u2019expositions individuelles et a \u00e9galement particip\u00e9 \u00e0 des expositions collectives, en<br \/>\nGr\u00e8ce et \u00e0 l\u2019\u00e9tranger (Belgique, Italie, Allemagne, Autriche, Turquie, \u00c9tats-Unis et en France).<br \/>\nPersonnages f\u00e9minins au long cou, les yeux ferm\u00e9s et les cheveux jet\u00e9s en l\u2019air. Des couples allong\u00e9s s\u2019appuyant l\u2019un sur l\u2019autre, comme s\u2019ils offraient un berceau, essayaient de tenir un c\u0153ur, un petit moineau, un symbole. Comme la plupart de ses pairs, Sonke puise son inspiration dans le tissu sociopolitique contemporain et dans ses projets personnels.<br \/>\nLibert\u00e9, \u00e9mancipation, sens relationnel et autod\u00e9termination des femmes occupent une place centrale dans son travail.<br \/>\nEn tant qu\u2019artiste, il consid\u00e8re que sa mission est de r\u00e9veiller les esprits silencieux et les conscience<br \/>\nendormies. De plus, il souligne le r\u00f4le vital de l\u2019inconscient dans l\u2019art, nous encourageant ainsi \u00e0 nous tenir devant l\u2019\u0153uvre et \u00e0 l\u2019appr\u00e9cier sans pr\u00e9jug\u00e9..<\/p>\n<p>[\/vc_column_text][\/vc_column][\/vc_row][vc_row][vc_column width=\u00a0\u00bb1\/3&Prime;][\/vc_column][vc_column width=\u00a0\u00bb1\/3&Prime;][vc_column_text]<\/p>\n<div style=\"width: 1020px;\" class=\"wp-video\"><!--[if lt IE 9]><script>document.createElement('video');<\/script><![endif]-->\n<video class=\"wp-video-shortcode\" id=\"video-2020-1\" width=\"1020\" height=\"1813\" loop=\"1\" autoplay=\"1\" preload=\"metadata\" controls=\"controls\"><source type=\"video\/mp4\" src=\"http:\/\/labotica.fr\/site\/wp-content\/uploads\/2021\/04\/Vid\u00e9o-SONKE-Site.mp4?_=1\" \/><a href=\"http:\/\/labotica.fr\/site\/wp-content\/uploads\/2021\/04\/Vid\u00e9o-SONKE-Site.mp4\">http:\/\/labotica.fr\/site\/wp-content\/uploads\/2021\/04\/Vid\u00e9o-SONKE-Site.mp4<\/a><\/video><\/div>\n<p>[\/vc_column_text][\/vc_column][vc_column width=\u00a0\u00bb1\/3&Prime;][\/vc_column][\/vc_row][vc_row][vc_column width=\u00a0\u00bb1\/2&Prime;][vc_single_image image=\u00a0\u00bb2029&Prime; img_size=\u00a0\u00bbmedium\u00a0\u00bb alignment=\u00a0\u00bbcenter\u00a0\u00bb][\/vc_column][vc_column width=\u00a0\u00bb1\/2&Prime;][vc_single_image image=\u00a0\u00bb2034&Prime; img_size=\u00a0\u00bbmedium\u00a0\u00bb alignment=\u00a0\u00bbcenter\u00a0\u00bb][\/vc_column][\/vc_row]<\/p>\n","protected":false},"excerpt":{"rendered":"<p>[vc_row][vc_column][vc_column_text] SONKE, \u00e0 La Botica du 24 Septembre au 24 Novembre 2019 \u00a0 Biographie Alexander Skoutariotis (Sonke) est un street artiste n\u00e9 \u00e0 Ath\u00e8nes, en Gr\u00e8ce, en 1984. Il a \u00e9tudi\u00e9 l\u2019art appliqu\u00e9 et a enseign\u00e9 le dessin\/croquis au centre communautaire d\u2019Amarousio. Il est actif dans la cr\u00e9ation d\u2019espaces publics depuis 1998. Il fut l\u2019invit\u00e9 &hellip; <\/p>\n","protected":false},"author":1,"featured_media":0,"parent":0,"menu_order":0,"comment_status":"closed","ping_status":"closed","template":"","meta":[],"_links":{"self":[{"href":"http:\/\/labotica.fr\/site\/wp-json\/wp\/v2\/pages\/2020"}],"collection":[{"href":"http:\/\/labotica.fr\/site\/wp-json\/wp\/v2\/pages"}],"about":[{"href":"http:\/\/labotica.fr\/site\/wp-json\/wp\/v2\/types\/page"}],"author":[{"embeddable":true,"href":"http:\/\/labotica.fr\/site\/wp-json\/wp\/v2\/users\/1"}],"replies":[{"embeddable":true,"href":"http:\/\/labotica.fr\/site\/wp-json\/wp\/v2\/comments?post=2020"}],"version-history":[{"count":10,"href":"http:\/\/labotica.fr\/site\/wp-json\/wp\/v2\/pages\/2020\/revisions"}],"predecessor-version":[{"id":2093,"href":"http:\/\/labotica.fr\/site\/wp-json\/wp\/v2\/pages\/2020\/revisions\/2093"}],"wp:attachment":[{"href":"http:\/\/labotica.fr\/site\/wp-json\/wp\/v2\/media?parent=2020"}],"curies":[{"name":"wp","href":"https:\/\/api.w.org\/{rel}","templated":true}]}}