{"id":1889,"date":"2021-03-25T11:05:59","date_gmt":"2021-03-25T10:05:59","guid":{"rendered":"http:\/\/labotica.fr\/site\/?page_id=1889"},"modified":"2021-05-27T12:54:06","modified_gmt":"2021-05-27T11:54:06","slug":"comer-obk","status":"publish","type":"page","link":"http:\/\/labotica.fr\/site\/comer-obk\/","title":{"rendered":"COMER OBK"},"content":{"rendered":"<p>[vc_row][vc_column][vc_column_text]<img decoding=\"async\" loading=\"lazy\" class=\"aligncenter wp-image-1684 size-medium\" src=\"http:\/\/labotica.fr\/site\/wp-content\/uploads\/2021\/03\/Ic\u00f4nes-Comer-OBK-2-pour-le-site-carr\u00e9-300x300.png\" alt=\"\" width=\"300\" height=\"300\" srcset=\"http:\/\/labotica.fr\/site\/wp-content\/uploads\/2021\/03\/Ic\u00f4nes-Comer-OBK-2-pour-le-site-carr\u00e9-300x300.png 300w, http:\/\/labotica.fr\/site\/wp-content\/uploads\/2021\/03\/Ic\u00f4nes-Comer-OBK-2-pour-le-site-carr\u00e9-150x150.png 150w, http:\/\/labotica.fr\/site\/wp-content\/uploads\/2021\/03\/Ic\u00f4nes-Comer-OBK-2-pour-le-site-carr\u00e9-768x768.png 768w, http:\/\/labotica.fr\/site\/wp-content\/uploads\/2021\/03\/Ic\u00f4nes-Comer-OBK-2-pour-le-site-carr\u00e9-1024x1024.png 1024w, http:\/\/labotica.fr\/site\/wp-content\/uploads\/2021\/03\/Ic\u00f4nes-Comer-OBK-2-pour-le-site-carr\u00e9-435x435.png 435w, http:\/\/labotica.fr\/site\/wp-content\/uploads\/2021\/03\/Ic\u00f4nes-Comer-OBK-2-pour-le-site-carr\u00e9-60x60.png 60w, http:\/\/labotica.fr\/site\/wp-content\/uploads\/2021\/03\/Ic\u00f4nes-Comer-OBK-2-pour-le-site-carr\u00e9.png 1080w\" sizes=\"(max-width: 300px) 100vw, 300px\" \/><\/p>\n<p style=\"text-align: center;\">Dans la continuit\u00e9, de son travail sur toile et de la nouvelle image plus artistique qu\u2019il se forge, COMER se livre sur son parcours, ses d\u00e9boires et son \u00e9volution au sein du mouvement Hip-Hop, dans deux livres\u00a0:<\/p>\n<p style=\"text-align: center;\">PARIS CITY Graffiti, un ouvrage comportant plus de 2000 photos.<\/p>\n<p style=\"text-align: center;\">Marqu\u00e9 \u00e0 vie\u00a0! 30 ans de graffiti \u00ab\u00a0vandal\u00a0\u00bb, un r\u00e9cit autobiographique.<\/p>\n<p>[\/vc_column_text][\/vc_column][\/vc_row][vc_row][vc_column][vc_empty_space][\/vc_column][\/vc_row][vc_row][vc_column][vc_column_text]<\/p>\n<p style=\"text-align: center;\">Toutes les pi\u00e8ces et \u0153uvres peuvent \u00eatre command\u00e9es en nous \u00e9crivant \u00e0 <a href=\"mailto:covadonga.labotica@gmail.com\">covadonga.labotica@gmail.com<\/a> \/ <a href=\"mailto:contact.labotica@gmail.com\">contact.labotica@gmail.com<\/a> ou via nos r\u00e9seaux sociaux.<\/p>\n<p>[\/vc_column_text][\/vc_column][\/vc_row][vc_row][vc_column width=\u00a0\u00bb1\/2&Prime;][vc_single_image image=\u00a0\u00bb1891&Prime; img_size=\u00a0\u00bbmedium\u00a0\u00bb css_animation=\u00a0\u00bbrotateInDownLeft\u00a0\u00bb][\/vc_column][vc_column width=\u00a0\u00bb1\/2&Prime;][vc_custom_heading text=\u00a0\u00bbMarqu\u00e9 \u00e0 vie !\u00a0\u00bb use_theme_fonts=\u00a0\u00bbyes\u00a0\u00bb][vc_column_text][\/vc_column_text][vc_column_text]17\u20ac[\/vc_column_text][\/vc_column][\/vc_row][vc_row][vc_column width=\u00a0\u00bb1\/2&Prime;][vc_single_image image=\u00a0\u00bb1890&Prime; img_size=\u00a0\u00bbmedium\u00a0\u00bb css_animation=\u00a0\u00bbrotateInDownLeft\u00a0\u00bb][\/vc_column][vc_column width=\u00a0\u00bb1\/2&Prime;][vc_custom_heading text=\u00a0\u00bbParis City\u00a0\u00bb use_theme_fonts=\u00a0\u00bbyes\u00a0\u00bb][vc_column_text][\/vc_column_text][vc_column_text]35\u20ac[\/vc_column_text][\/vc_column][\/vc_row]<\/p>\n","protected":false},"excerpt":{"rendered":"<p>[vc_row][vc_column][vc_column_text] Dans la continuit\u00e9, de son travail sur toile et de la nouvelle image plus artistique qu\u2019il se forge, COMER se livre sur son parcours, ses d\u00e9boires et son \u00e9volution au sein du mouvement Hip-Hop, dans deux livres\u00a0: PARIS CITY Graffiti, un ouvrage comportant plus de 2000 photos. Marqu\u00e9 \u00e0 vie\u00a0! 30 ans de graffiti &hellip; <\/p>\n","protected":false},"author":1,"featured_media":0,"parent":0,"menu_order":0,"comment_status":"closed","ping_status":"closed","template":"","meta":[],"_links":{"self":[{"href":"http:\/\/labotica.fr\/site\/wp-json\/wp\/v2\/pages\/1889"}],"collection":[{"href":"http:\/\/labotica.fr\/site\/wp-json\/wp\/v2\/pages"}],"about":[{"href":"http:\/\/labotica.fr\/site\/wp-json\/wp\/v2\/types\/page"}],"author":[{"embeddable":true,"href":"http:\/\/labotica.fr\/site\/wp-json\/wp\/v2\/users\/1"}],"replies":[{"embeddable":true,"href":"http:\/\/labotica.fr\/site\/wp-json\/wp\/v2\/comments?post=1889"}],"version-history":[{"count":5,"href":"http:\/\/labotica.fr\/site\/wp-json\/wp\/v2\/pages\/1889\/revisions"}],"predecessor-version":[{"id":2637,"href":"http:\/\/labotica.fr\/site\/wp-json\/wp\/v2\/pages\/1889\/revisions\/2637"}],"wp:attachment":[{"href":"http:\/\/labotica.fr\/site\/wp-json\/wp\/v2\/media?parent=1889"}],"curies":[{"name":"wp","href":"https:\/\/api.w.org\/{rel}","templated":true}]}}