{"id":1568,"date":"2021-03-09T16:51:05","date_gmt":"2021-03-09T15:51:05","guid":{"rendered":"http:\/\/labotica.fr\/site\/?page_id=1568"},"modified":"2021-05-05T16:07:11","modified_gmt":"2021-05-05T15:07:11","slug":"mobilier-sur-commande","status":"publish","type":"page","link":"http:\/\/labotica.fr\/site\/mobilier-sur-commande\/","title":{"rendered":"MOBILIER SUR COMMANDE"},"content":{"rendered":"<p>[vc_row][vc_column][vc_gallery interval=\u00a0\u00bb5&Prime; images=\u00a0\u00bb2421,1619,1620,1621,1622,1623,2480&Prime; img_size=\u00a0\u00bb720&#215;720&Prime; onclick=\u00a0\u00bb\u00a0\u00bb][\/vc_column][\/vc_row][vc_row][vc_column][vc_column_text]<\/p>\n<h2 style=\"text-align: center;\">MEUBLES D\u2019\u00c9B\u00c9NISTE<\/h2>\n<p style=\"text-align: center;\">Nos meubles sont r\u00e9alis\u00e9s par un artisan, au Pays-basque espagnol.<br \/>\nIls sont uniques. Chacune des pi\u00e8ces refl\u00e8te son respect et sa passion<br \/>\npour le bois. Il ne coupe aucun arbre; il collecte le bois dans des for\u00eats g\u00e9r\u00e9es de<br \/>\nfa\u00e7on \u00e9co-responsable. Les pieds et supports peuvent \u00eatre r\u00e9alis\u00e9s en bois ou en fer grenaill\u00e9.<\/p>\n<p>&nbsp;<\/p>\n<p style=\"text-align: center;\">Nous vous accompagnons dans la r\u00e9alisation de vos meubles sur mesure !<\/p>\n<p style=\"text-align: center;\"><a href=\"http:\/\/labotica.fr\/site\/createurs\/ebaniste\/\" rel=\"attachment wp-att-976\"><img decoding=\"async\" loading=\"lazy\" class=\"alignnone size-medium wp-image-976\" src=\"http:\/\/labotica.fr\/site\/wp-content\/uploads\/2020\/02\/ebaniste-300x225.png\" alt=\"\" width=\"300\" height=\"225\" srcset=\"http:\/\/labotica.fr\/site\/wp-content\/uploads\/2020\/02\/ebaniste-300x225.png 300w, http:\/\/labotica.fr\/site\/wp-content\/uploads\/2020\/02\/ebaniste-768x577.png 768w, http:\/\/labotica.fr\/site\/wp-content\/uploads\/2020\/02\/ebaniste-80x60.png 80w, http:\/\/labotica.fr\/site\/wp-content\/uploads\/2020\/02\/ebaniste.png 833w\" sizes=\"(max-width: 300px) 100vw, 300px\" \/><\/a><\/p>\n<p>[\/vc_column_text][\/vc_column][\/vc_row]<\/p>\n","protected":false},"excerpt":{"rendered":"<p>[vc_row][vc_column][vc_gallery interval=\u00a0\u00bb5&Prime; images=\u00a0\u00bb2421,1619,1620,1621,1622,1623,2480&Prime; img_size=\u00a0\u00bb720&#215;720&Prime; onclick=\u00a0\u00bb\u00a0\u00bb][\/vc_column][\/vc_row][vc_row][vc_column][vc_column_text] MEUBLES D\u2019\u00c9B\u00c9NISTE Nos meubles sont r\u00e9alis\u00e9s par un artisan, au Pays-basque espagnol. Ils sont uniques. Chacune des pi\u00e8ces refl\u00e8te son respect et sa passion pour le bois. Il ne coupe aucun arbre; il collecte le bois dans des for\u00eats g\u00e9r\u00e9es de fa\u00e7on \u00e9co-responsable. Les pieds et supports peuvent \u00eatre r\u00e9alis\u00e9s &hellip; <\/p>\n","protected":false},"author":1,"featured_media":0,"parent":0,"menu_order":0,"comment_status":"closed","ping_status":"closed","template":"","meta":[],"_links":{"self":[{"href":"http:\/\/labotica.fr\/site\/wp-json\/wp\/v2\/pages\/1568"}],"collection":[{"href":"http:\/\/labotica.fr\/site\/wp-json\/wp\/v2\/pages"}],"about":[{"href":"http:\/\/labotica.fr\/site\/wp-json\/wp\/v2\/types\/page"}],"author":[{"embeddable":true,"href":"http:\/\/labotica.fr\/site\/wp-json\/wp\/v2\/users\/1"}],"replies":[{"embeddable":true,"href":"http:\/\/labotica.fr\/site\/wp-json\/wp\/v2\/comments?post=1568"}],"version-history":[{"count":7,"href":"http:\/\/labotica.fr\/site\/wp-json\/wp\/v2\/pages\/1568\/revisions"}],"predecessor-version":[{"id":2481,"href":"http:\/\/labotica.fr\/site\/wp-json\/wp\/v2\/pages\/1568\/revisions\/2481"}],"wp:attachment":[{"href":"http:\/\/labotica.fr\/site\/wp-json\/wp\/v2\/media?parent=1568"}],"curies":[{"name":"wp","href":"https:\/\/api.w.org\/{rel}","templated":true}]}}