{"id":1477,"date":"2021-03-04T16:59:33","date_gmt":"2021-03-04T15:59:33","guid":{"rendered":"http:\/\/labotica.fr\/site\/?page_id=1477"},"modified":"2021-05-27T11:43:11","modified_gmt":"2021-05-27T10:43:11","slug":"halo-halo","status":"publish","type":"page","link":"http:\/\/labotica.fr\/site\/halo-halo\/","title":{"rendered":"HALO HALO"},"content":{"rendered":"<p>[vc_row][vc_column][vc_column_text]<\/p>\n<h2 style=\"text-align: center;\">HALO HALO<\/h2>\n<p style=\"text-align: center;\"><a href=\"http:\/\/labotica.fr\/site\/createurs\/halo\/\" rel=\"attachment wp-att-978\"><img decoding=\"async\" loading=\"lazy\" class=\"alignnone size-medium wp-image-978 aligncenter\" src=\"http:\/\/labotica.fr\/site\/wp-content\/uploads\/2020\/02\/halo-246x300.png\" alt=\"\" width=\"246\" height=\"300\" srcset=\"http:\/\/labotica.fr\/site\/wp-content\/uploads\/2020\/02\/halo-246x300.png 246w, http:\/\/labotica.fr\/site\/wp-content\/uploads\/2020\/02\/halo-49x60.png 49w, http:\/\/labotica.fr\/site\/wp-content\/uploads\/2020\/02\/halo.png 586w\" sizes=\"(max-width: 246px) 100vw, 246px\" \/><\/a><\/p>\n<p style=\"text-align: center;\">Fond\u00e9e en 2013 \u00e0 Manille, HALOHALO est une marque de sacs \u00e0<br \/>\nmain, de petite maroquinerie et d\u2019accessoires.<br \/>\nHalo Halo m\u00e9lange mat\u00e9riaux inatendus et plastiques recycl\u00e9s<br \/>\npour des produits chics de haute qualit\u00e9.[\/vc_column_text][\/vc_column][\/vc_row][vc_row][vc_column][vc_column_text]<\/p>\n<p style=\"text-align: center;\">Toutes les pi\u00e8ces et \u0153uvres peuvent \u00eatre command\u00e9es en nous \u00e9crivant \u00e0 <a href=\"mailto:covadonga.labotica@gmail.com\">covadonga.labotica@gmail.com<\/a> \/ <a href=\"mailto:contact.labotica@gmail.com\">contact.labotica@gmail.com<\/a> ou via nos r\u00e9seaux sociaux.<\/p>\n<p>[\/vc_column_text][\/vc_column][\/vc_row]<\/p>\n","protected":false},"excerpt":{"rendered":"<p>[vc_row][vc_column][vc_column_text] HALO HALO Fond\u00e9e en 2013 \u00e0 Manille, HALOHALO est une marque de sacs \u00e0 main, de petite maroquinerie et d\u2019accessoires. Halo Halo m\u00e9lange mat\u00e9riaux inatendus et plastiques recycl\u00e9s pour des produits chics de haute qualit\u00e9.[\/vc_column_text][\/vc_column][\/vc_row][vc_row][vc_column][vc_column_text] Toutes les pi\u00e8ces et \u0153uvres peuvent \u00eatre command\u00e9es en nous \u00e9crivant \u00e0 covadonga.labotica@gmail.com \/ contact.labotica@gmail.com ou via nos r\u00e9seaux &hellip; <\/p>\n","protected":false},"author":1,"featured_media":0,"parent":0,"menu_order":0,"comment_status":"closed","ping_status":"closed","template":"","meta":[],"_links":{"self":[{"href":"http:\/\/labotica.fr\/site\/wp-json\/wp\/v2\/pages\/1477"}],"collection":[{"href":"http:\/\/labotica.fr\/site\/wp-json\/wp\/v2\/pages"}],"about":[{"href":"http:\/\/labotica.fr\/site\/wp-json\/wp\/v2\/types\/page"}],"author":[{"embeddable":true,"href":"http:\/\/labotica.fr\/site\/wp-json\/wp\/v2\/users\/1"}],"replies":[{"embeddable":true,"href":"http:\/\/labotica.fr\/site\/wp-json\/wp\/v2\/comments?post=1477"}],"version-history":[{"count":2,"href":"http:\/\/labotica.fr\/site\/wp-json\/wp\/v2\/pages\/1477\/revisions"}],"predecessor-version":[{"id":2606,"href":"http:\/\/labotica.fr\/site\/wp-json\/wp\/v2\/pages\/1477\/revisions\/2606"}],"wp:attachment":[{"href":"http:\/\/labotica.fr\/site\/wp-json\/wp\/v2\/media?parent=1477"}],"curies":[{"name":"wp","href":"https:\/\/api.w.org\/{rel}","templated":true}]}}